 be z/143 + k/(-26). Give p(y).
-6
Let s be 50/(-6) - (-2)/(-3). Let w(v) = 15*v**2 + 13*v + 10. Let n(t) = 82*t**2 + 66*t + 49. Let r(y) = -2*n(y) + 11*w(y). What is r(s)?
-6
Let m(q) = -q**2 + 3. Let s be m(-3). Let c = -21 + 25. Let h(o) = -2 + 7*o - 5*o**2 + 2 + 0*o - o**3 - c. Give h(s).
-10
Let c(m) be the second derivative of -m**5/20 + m**4/2 + m**3/2 - 4*m**2 - 4*m + 5. What is c(6)?
10
Let y = 1 - -5. Let x(w) be the second derivative of y*w + 1/6*w**3 - 1/12*w**4 + 1/2*w**2 + 0. Give x(0).
1
Let a be (-2)/10 + 282/(-15). Let f = a - -22. Let x(c) = f*c - 8*c + 2 - 1 - c**2. Give x(-5).
1
Let k(u) = u**3 + 3*u**2 + 2*u + 3. Suppose 5*l - 49 + 59 = 0. Give k(l).
3
Let t(h) = h**2 - 10*h + 13. Let l be 36/(-10)*(-110)/33 + -2. Give t(l).
13
Suppose -3*d = 4*g - 10, -3*g + 5*d + 16 = -6. Let m(q) = 8 - 4*q**2 - 2*q - 6 - 2*q**3 + 2*q**3 + q**3. Give m(g).
-6
Let s(f) = f**2 + 6. Let a = 422 - 422. What is s(a)?
6
Let m(o) = 3*o**3 - 7*o**2 - 11*o - 7. Let h(l) = -2*l**3 + 2*l + 1. Let v(f) = -2*h(f) - m(f). What is v(-6)?
-1
Let c = -52 - -56. Suppose -2*l + x - 9 = -c*x, 2*x - 9 = -l. Let y(u) = -u**3 + 3*u**2 + 4*u - 4. Determine y(l).
8
Suppose 28 = -404*g + 418*g. Let o(y) = -y**3 + 3*y**2 - y - 3. Give o(g).
-1
Let m(p) = -p**2 - 6*p - 1. Suppose 0 = -j - 4, 5*j + 16 = -2*n + 3*j. Give m(n).
7
Suppose 5*p = -3*u + 29, 9*p - 26 = -2*u + 4*p. Let s(i) = -i**u - 4*i**2 - 5*i + 5*i - 5. Let x(b) = -12*b + 92. Let n be x(8). Determine s(n).
-5
Let k(d) be the third derivative of 7*d**4/24 + 2*d**3/3 - 178*d**2. Determine k(-5).
-31
Let v(x) = -18*x**3 + 2*x + 1. Let i = 370 - 371. What is v(i)?
17
Let u(i) = i + 6. Suppose -4 = -x - 2*q, 4*x + 3*q - 5 = 1. Suppose x*y - 15 = 3*y. Determine u(y).
1
Let o = -22 + 25. Suppose 0*q - 17 = -o*q + 4*j, 9 = 2*q - 5*j. Let v(g) = -g + 7. Give v(q).
0
Suppose -5*k + 20 = j, j + 6 = 2*k - 2. Let w(z) = 0*z - k*z + 8*z - 2 - 3*z. Give w(-3).
-5
Let h = -141 + 134. Let l(c) = 2*c**2 + 12*c - 13. Let v be l(h). Let a(d) be the second derivative of -11*d**3/6 - d. What is a(v)?
-11
Let j(f) be the first derivative of f**4/4 + 8*f**3/3 + 7*f**2/2 + 3*f + 69. Give j(-7).
3
Suppose -25*g + 1 + 24 = 0. Let f(p) = 4*p - 2. Give f(g).
2
Let i(f) = 2*f + 3. Suppose -2*t - 4 = 3*a - 8*a, 3*a + 3*t - 15 = 0. Calculate i(a).
7
Let j(b) be the second derivative of -b**4/4 - b**2/2 - 8*b. Let x be j(-1). Let a(c) = -c**3 - 5*c**2 - 4*c - 1. What is a(x)?
-1
Let n be 325/(-104) + (4/32 - 0). Let s(c) = 14*c - 4. Determine s(n).
-46
Let m(b) be the second derivative of -b**3/6 + 2*b**2 + 2*b - 17. Determine m(-4).
8
Let j(f) = 4*f**2 - 4*f + 5. Let r(v) = -37*v + 1. Let i be r(0). What is j(i)?
5
Let y(w) = w**2 - 7*w - 5. Let m(l) = l**2 - 6*l - 4. Let u = -14 + 9. Let r(k) = u*m(k) + 4*y(k). Give r(4).
-8
Let f(j) be the third derivative of -j**6/120 - j**5/60 + j**4/6 - j**3/3 + 346*j**2. Calculate f(4).
-66
Suppose 10*p - 7*p = -3*c + 30, -5*p - 10 = -c. Let a(m) = m - 11. What is a(c)?
-1
Let d(h) be the third derivative of -h**4/24 - h**3/2 + 70*h**2. Calculate d(-2).
-1
Let w(z) be the first derivative of -z**4/2 + 19*z**3/3 + 11*z**2/2 - 14*z + 101. What is w(10)?
-4
Let h(d) = d**3 + 5*d**2 + 5*d - 4. Let p(k) be the first derivative of -k**4/4 - 2*k**3 - 5*k**2/2 - 4*k + 3. Let q be p(-5). Calculate h(q).
-8
Let v(m) = m**2 - m + 1. Let b be v(-2). Suppose 4*g = 3 - b. Let x(s) be the second derivative of 3*s**5/10 + s**4/12 + s**3/6 + s**2/2 - 124*s. What is x(g)?
-5
Let p(v) = 9*v - v - 9*v - v**2 + 0*v**2 + 10 + 7. Calculate p(-4).
5
Let u(m) = -m**3 + 3*m**2 - m - 3. Suppose -4*t - 5*j = -10, -23 = -3*t + 6*j - 2*j. Suppose -t*r = -r - 3*k - 18, 4*k = 3*r - 17. Give u(r).
-6
Let x(v) = -v**2 - 5*v + 12. Suppose -d = 5, 3*p = 8*p - 5*d. Give x(p).
12
Let y(x) = -9*x**2 - 37*x - 31. Let z(w) = 5*w**2 + 18*w + 14. Let q(l) = -4*y(l) - 7*z(l). Determine q(-21).
5
Let a(r) be the second derivative of -r**3/6 + 4*r**2 + r. Suppose 55 = -7*m + 6*m. Let t be 11/(m/(-6))*5. What is a(t)?
2
Let q(j) = 2 + 3 + j - 2 - 1. Give q(-6).
-4
Suppose 0 = 10*w - 0*w - 60. Let u(r) = -r**2 + 5*r - 2. Give u(w).
-8
Let g(u) = -u**2 + 10*u + 12. Let h(o) = 5*o - 149. Let r be h(32). Determine g(r).
1
Let r = 3 - 6. Let h(x) = -14 - 17 + 6*x - 16 + 51. Give h(r).
-14
Let o(c) = -c**3 + 2*c**2 - c + 2. Let v(a) = 3*a + 11. Let x be v(-3). Calculate o(x).
0
Let b(v) = -2*v**3 - v**2 + 9*v - 1. Let l(j) = -j**3 + j**2 + j + 1. Let t(o) = -b(o) + 3*l(o). Give t(4).
-20
Let s(x) = 22*x - 17. Let a be s(2). Let i = a + -29. Let l(j) = -j**3 + 2*j. What is l(i)?
4
Let h(l) = l. Let r(d) = d**3 - 22*d**2 + 3*d - 65. Let p be r(22). What is h(p)?
1
Let k(c) = -2*c**2 + 3*c + 4. Suppose 6*b - b = -5*l + 30, -b - 3 = -2*l. Give k(b).
-5
Let o(h) = -208 + 73 + 68 + h + 78. Calculate o(-10).
1
Suppose -6*g + 18 + 18 = 0. Let a(i) = -i - 10. Determine a(g).
-16
Let r(h) = -h - 14. Let u = 40 - 49. Determine r(u).
-5
Let c(n) = 1 + 4*n + 0 - 71*n**2 + 75*n**2 + 3 - n**3. Suppose 4*q = -5*a + 25, 3*a - q = 6 + 9. Give c(a).
-1
Let p be 1/18 - (-5516)/504. Let w(r) = r**2 - 10*r - 6. Calculate w(p).
5
Let v(z) = -6*z + 1 - z - z**2 - 6. Let w be v(-5). Let x(c) = -c**2 - 6 - 12 + 8 + 20 + 2*c - 3. Give x(w).
-8
Let r(d) = 21*d**2 + 8*d. Let q(g) = 7*g**2 + 3*g. Let a(m) = -11*q(m) + 4*r(m). Calculate a(-1).
8
Suppose -17*d - 78 = -20*d. Let l(z) = 27*z + 4 + d*z - 1 - 52*z. Give l(5).
8
Suppose -5*n = -3*v - 13 + 36, -3*v - 3*n = 9. Let p(q) = -4*q + 2. Determine p(v).
-2
Let c = 37 + -35. Let o(k) = 2*k**2 + k - 5. Let g(v) be the third derivative of v**5/15 + v**4/24 - 3*v**3/2 + 3*v**2. Let p(h) = -3*g(h) + 5*o(h). Give p(c).
-2
Let w(m) = -m**3 + 3*m**2 + 5*m - 3. Let q be (-1)/((-5)/40) + -4. Determine w(q).
1
Let p(a) be the second derivative of a**3/3 - 977*a. Determine p(-1).
-2
Suppose 3*c = 16*l - 12*l - 22, c + 18 = 4*l. Let v(s) = s**2 - 4*s + 6. Determine v(l).
6
Let y(p) = -160 - 12*p + 82 + 78. Give y(-1).
12
Let w be (-16)/(-6) - (-56)/(-84). Let n(l) = -l**2 + l - 1. Calculate n(w).
-3
Let a = 19 - 13. Suppose k = 3*k + a. Let p(i) be the third derivative of -i**6/120 - i**5/20 + i**4/24 - 2*i**3/3 + 2*i**2 + i. Calculate p(k).
-7
Let k = 820 - 820. Let n(t) = -4*t - 2. Determine n(k).
-2
Let c(u) = -7*u**2 - 3*u - 16. Let k(o) = 11*o**2 + 4*o + 25. Let y(a) = -8*c(a) - 5*k(a). What is y(-4)?
3
Let r(j) = -3*j. Let d(x) = 14*x**2 + 8*x. Let s(w) = -d(w) - 3*r(w). What is s(1)?
-13
Let y(a) = a**3 + 5*a**2 + 2*a - 12. Let p(g) = -5*g**3 - 25*g**2 - 10*g + 62. Let t(h) = 2*p(h) + 11*y(h). What is t(-4)?
0
Let o(x) = x**3 - 4*x**2 - 4*x + 2. Suppose 0 = 3*l - 4*v - 11, 13*l + 5*v = 11*l + 15. Calculate o(l).
7
Let g(l) = 3*l - 1. Let j = 13 - 11. Suppose j*d - 12 = -d. Suppose d*n - 7 = -3. Calculate g(n).
2
Let s(d) be the first derivative of -d**4/4 - 23*d**3/3 - 21*d**2/2 + 20*d - 140. Determine s(-22).
-2
Let h(b) = b**3 - 7*b**2 + 6*b + 1. Let a be h(6). Let j(v) = -7 - 3 - a + 2*v + 10. What is j(-4)?
-9
Suppose 0 = -k + 2*t + 28, -5*t = k - 2*k + 43. Suppose -8*o + k = -22. Let w(z) be the third derivative of -z**4/12 + 2*z**3/3 - z**2. What is w(o)?
-6
Let v(d) = -11*d**2 - 16*d + 25. Let n(s) = -2*s**2 - s. Let o(m) = -5*n(m) + v(m). Give o(-13).
-1
Suppose u + 4*j = -4*u - 7, -j = -2. Let m(b) = b**2 + 3*b + 4. Let l be m(u). Let y(s) = 28*s**2 - 34*s**2 + l - 2*s - s**3 - 12. Calculate y(-6).
4
Let v(o) be the third derivative of -o**8/1344 - o**6/720 + o**5/120 + 7*o**4/24 + 16*o**2. Let q(x) be the second derivative of v(x). Calculate q(1).
-5
Let v(t) = -t + 4. Let z be v(7). Let c(s) = -2*s**2 - s**3 + 7*s - 31 + 28 + 7 - 2*s. Calculate c(z).
-2
Let u(f) = -3*f + 9. Suppose 2*t - 2*z - 2*z - 12 = 0, -17 = -5*t - 3*z. Calculate u(t).
-3
Let a(r) = -r**3 + 7*r**2 - 4*r + 1. Let m = -1179 + 1186. Give a(m).
-27
Let v be 3*4*5/(-10). Let p be 3/(-4)*(v - -2). Let g(x) be the third derivative of x**4/24 + 2*x**3/3 - x**2. Determine g(p).
7
Let n(l) be the third derivative of l**4/6 - l**3/2 + 131*l**2. Calculate n(5).
17
Let h be 8/(-10) - 72/(-15). Let a(q) be the first derivative of -q**4/4 + 4*q**3/3 + 3*q**2/2 - 5*q - 83. Determine a(h).
7
Let t(i) be the third derivative of 0 + 16*i**2 - 2/3*i**3 + 0*i + 1/